{"id":18,"date":"2019-02-11T05:14:07","date_gmt":"2019-02-11T04:14:07","guid":{"rendered":"http:\/\/demo.sparklewpthemes.com\/fitnesspark\/?page_id=18"},"modified":"2022-09-26T14:02:12","modified_gmt":"2022-09-26T12:02:12","slug":"bici","status":"publish","type":"page","link":"https:\/\/lasobanuca.com\/index.php\/bici\/","title":{"rendered":"Bici 22km"},"content":{"rendered":"\n<p><br><\/p>\n\n\n<div class=\"wp-block-image\">\n<figure class=\"aligncenter is-resized\"><img loading=\"lazy\" decoding=\"async\" src=\"https:\/\/web.archive.org\/web\/20200421074913im_\/http:\/\/sobanuca.com\/images\/icono-bici-2.png\" alt=\"\" width=\"192\" height=\"233\"\/><\/figure><\/div>\n\n\n<p>Un recorrido para ponerte a prueba con tu BTT entre los montes y bosques del valle de soba.<\/p>\n\n\n\n<p>Un circuito de 22 kil\u00f3metros y 850 metros de desnivel, adecuado tanto para los que empiezan a disfrutar de la bici en la monta\u00f1a como para los m\u00e1s experimentados.<\/p>\n\n\n\n<p>Caracter\u00edsticas:<\/p>\n\n\n\n<p>Longitud &#8211; 22,2km<\/p>\n\n\n\n<p>Desnivel acumulado 884m<\/p>\n\n\n\n<p>Dificultad t\u00e9cnica &#8211; Medio<\/p>\n\n\n\n<p><a href=\"https:\/\/lasobanuca.com\/tracks\/recorrido-bici-lasobanuca.gpx\" target=\"_blank\" rel=\"noreferrer noopener nofollow\">Descarga Track<\/a><a href=\"https:\/\/lasobanuca.com\/tracks\/recorrido-bici-lasobanuca.gpx\" target=\"_blank\" rel=\"noreferrer noopener\"> En Bici<\/a><\/p>\n\n\n\n<p><a href=\"https:\/\/web.archive.org\/web\/20200421074913\/http:\/\/es.wikiloc.com\/wikiloc\/view.do?id=14576355\" target=\"_blank\" rel=\"noreferrer noopener nofollow\">El recorrido <\/a><a href=\"https:\/\/es.wikiloc.com\/rutas-mountain-bike\/recorrido-bici-sobanuca-2016-14576355\">en wik<\/a><a href=\"https:\/\/web.archive.org\/web\/20200421074913\/http:\/\/es.wikiloc.com\/wikiloc\/view.do?id=14576355\" target=\"_blank\" rel=\"noreferrer noopener\">iloc<\/a><\/p>\n\n\n\n<figure class=\"wp-block-image\"><img decoding=\"async\" src=\"https:\/\/web.archive.org\/web\/20200421074913im_\/http:\/\/sobanuca.com\/images\/recorridobici2016.jpg\" alt=\"\"\/><\/figure>\n\n\n\n<figure class=\"wp-block-image\"><img decoding=\"async\" src=\"https:\/\/web.archive.org\/web\/20200421074913im_\/http:\/\/sobanuca.com\/images\/perfilrecorridobici20162.jpg\" alt=\"\"\/><\/figure>\n","protected":false},"excerpt":{"rendered":"<p>Un recorrido para ponerte a prueba con tu BTT entre los montes y bosques del valle de soba. Un circuito de 22 kil\u00f3metros y 850 metros de desnivel, adecuado tanto para los que empiezan a disfrutar de la bici en la monta\u00f1a como para los m\u00e1s experimentados. Caracter\u00edsticas: Longitud &#8211; 22,2km Desnivel acumulado 884m Dificultad&hellip;<\/p>\n","protected":false},"author":1,"featured_media":0,"parent":0,"menu_order":0,"comment_status":"closed","ping_status":"closed","template":"","meta":{"footnotes":""},"yoast_head":"<!-- This site is optimized with the Yoast SEO plugin v19.7.2 - https:\/\/yoast.com\/wordpress\/plugins\/seo\/ -->\n<title>Bici 22km - La Sobanuca<\/title>\n<meta name=\"robots\" content=\"index, follow, max-snippet:-1, max-image-preview:large, max-video-preview:-1\" \/>\n<link rel=\"canonical\" href=\"https:\/\/lasobanuca.com\/index.php\/bici\/\" \/>\n<meta property=\"og:locale\" content=\"es_ES\" \/>\n<meta property=\"og:type\" content=\"article\" \/>\n<meta property=\"og:title\" content=\"Bici 22km - La Sobanuca\" \/>\n<meta property=\"og:description\" content=\"Un recorrido para ponerte a prueba con tu BTT entre los montes y bosques del valle de soba. Un circuito de 22 kil\u00f3metros y 850 metros de desnivel, adecuado tanto para los que empiezan a disfrutar de la bici en la monta\u00f1a como para los m\u00e1s experimentados. Caracter\u00edsticas: Longitud &#8211; 22,2km Desnivel acumulado 884m Dificultad&hellip;\" \/>\n<meta property=\"og:url\" content=\"https:\/\/lasobanuca.com\/index.php\/bici\/\" \/>\n<meta property=\"og:site_name\" content=\"La Sobanuca\" \/>\n<meta property=\"article:publisher\" content=\"https:\/\/es-es.facebook.com\/sobanuca\/\" \/>\n<meta property=\"article:modified_time\" content=\"2022-09-26T12:02:12+00:00\" \/>\n<meta property=\"og:image\" content=\"https:\/\/web.archive.org\/web\/20200421074913im_\/http:\/\/sobanuca.com\/images\/icono-bici-2.png\" \/>\n<meta name=\"twitter:card\" content=\"summary_large_image\" \/>\n<meta name=\"twitter:label1\" content=\"Tiempo de lectura\" \/>\n\t<meta name=\"twitter:data1\" content=\"1 minuto\" \/>\n<script type=\"application\/ld+json\" class=\"yoast-schema-graph\">{\"@context\":\"https:\/\/schema.org\",\"@graph\":[{\"@type\":\"WebPage\",\"@id\":\"https:\/\/lasobanuca.com\/index.php\/bici\/\",\"url\":\"https:\/\/lasobanuca.com\/index.php\/bici\/\",\"name\":\"Bici 22km - La Sobanuca\",\"isPartOf\":{\"@id\":\"https:\/\/lasobanuca.com\/#website\"},\"datePublished\":\"2019-02-11T04:14:07+00:00\",\"dateModified\":\"2022-09-26T12:02:12+00:00\",\"breadcrumb\":{\"@id\":\"https:\/\/lasobanuca.com\/index.php\/bici\/#breadcrumb\"},\"inLanguage\":\"es\",\"potentialAction\":[{\"@type\":\"ReadAction\",\"target\":[\"https:\/\/lasobanuca.com\/index.php\/bici\/\"]}]},{\"@type\":\"BreadcrumbList\",\"@id\":\"https:\/\/lasobanuca.com\/index.php\/bici\/#breadcrumb\",\"itemListElement\":[{\"@type\":\"ListItem\",\"position\":1,\"name\":\"Portada\",\"item\":\"https:\/\/lasobanuca.com\/\"},{\"@type\":\"ListItem\",\"position\":2,\"name\":\"Bici 22km\"}]},{\"@type\":\"WebSite\",\"@id\":\"https:\/\/lasobanuca.com\/#website\",\"url\":\"https:\/\/lasobanuca.com\/\",\"name\":\"La Sobanuca\",\"description\":\"Marcha de monta\u00f1a en el Valle de Soba\",\"publisher\":{\"@id\":\"https:\/\/lasobanuca.com\/#organization\"},\"potentialAction\":[{\"@type\":\"SearchAction\",\"target\":{\"@type\":\"EntryPoint\",\"urlTemplate\":\"https:\/\/lasobanuca.com\/?s={search_term_string}\"},\"query-input\":\"required name=search_term_string\"}],\"inLanguage\":\"es\"},{\"@type\":\"Organization\",\"@id\":\"https:\/\/lasobanuca.com\/#organization\",\"name\":\"La Sobanuca - Marcha de monta\u00f1a en el Valle de Soba\",\"url\":\"https:\/\/lasobanuca.com\/\",\"sameAs\":[\"https:\/\/www.instagram.com\/la.sobanuca\/\",\"https:\/\/es-es.facebook.com\/sobanuca\/\"],\"logo\":{\"@type\":\"ImageObject\",\"inLanguage\":\"es\",\"@id\":\"https:\/\/lasobanuca.com\/#\/schema\/logo\/image\/\",\"url\":\"https:\/\/lasobanuca.com\/wp-content\/uploads\/2022\/09\/cropped-cropped-vaca-sobanuca150x150.png\",\"contentUrl\":\"https:\/\/lasobanuca.com\/wp-content\/uploads\/2022\/09\/cropped-cropped-vaca-sobanuca150x150.png\",\"width\":148,\"height\":148,\"caption\":\"La Sobanuca - Marcha de monta\u00f1a en el Valle de Soba\"},\"image\":{\"@id\":\"https:\/\/lasobanuca.com\/#\/schema\/logo\/image\/\"}}]}<\/script>\n<!-- \/ Yoast SEO plugin. -->","yoast_head_json":{"title":"Bici 22km - La Sobanuca","robots":{"index":"index","follow":"follow","max-snippet":"max-snippet:-1","max-image-preview":"max-image-preview:large","max-video-preview":"max-video-preview:-1"},"canonical":"https:\/\/lasobanuca.com\/index.php\/bici\/","og_locale":"es_ES","og_type":"article","og_title":"Bici 22km - La Sobanuca","og_description":"Un recorrido para ponerte a prueba con tu BTT entre los montes y bosques del valle de soba. Un circuito de 22 kil\u00f3metros y 850 metros de desnivel, adecuado tanto para los que empiezan a disfrutar de la bici en la monta\u00f1a como para los m\u00e1s experimentados. Caracter\u00edsticas: Longitud &#8211; 22,2km Desnivel acumulado 884m Dificultad&hellip;","og_url":"https:\/\/lasobanuca.com\/index.php\/bici\/","og_site_name":"La Sobanuca","article_publisher":"https:\/\/es-es.facebook.com\/sobanuca\/","article_modified_time":"2022-09-26T12:02:12+00:00","og_image":[{"url":"https:\/\/web.archive.org\/web\/20200421074913im_\/http:\/\/sobanuca.com\/images\/icono-bici-2.png"}],"twitter_card":"summary_large_image","twitter_misc":{"Tiempo de lectura":"1 minuto"},"schema":{"@context":"https:\/\/schema.org","@graph":[{"@type":"WebPage","@id":"https:\/\/lasobanuca.com\/index.php\/bici\/","url":"https:\/\/lasobanuca.com\/index.php\/bici\/","name":"Bici 22km - La Sobanuca","isPartOf":{"@id":"https:\/\/lasobanuca.com\/#website"},"datePublished":"2019-02-11T04:14:07+00:00","dateModified":"2022-09-26T12:02:12+00:00","breadcrumb":{"@id":"https:\/\/lasobanuca.com\/index.php\/bici\/#breadcrumb"},"inLanguage":"es","potentialAction":[{"@type":"ReadAction","target":["https:\/\/lasobanuca.com\/index.php\/bici\/"]}]},{"@type":"BreadcrumbList","@id":"https:\/\/lasobanuca.com\/index.php\/bici\/#breadcrumb","itemListElement":[{"@type":"ListItem","position":1,"name":"Portada","item":"https:\/\/lasobanuca.com\/"},{"@type":"ListItem","position":2,"name":"Bici 22km"}]},{"@type":"WebSite","@id":"https:\/\/lasobanuca.com\/#website","url":"https:\/\/lasobanuca.com\/","name":"La Sobanuca","description":"Marcha de monta\u00f1a en el Valle de Soba","publisher":{"@id":"https:\/\/lasobanuca.com\/#organization"},"potentialAction":[{"@type":"SearchAction","target":{"@type":"EntryPoint","urlTemplate":"https:\/\/lasobanuca.com\/?s={search_term_string}"},"query-input":"required name=search_term_string"}],"inLanguage":"es"},{"@type":"Organization","@id":"https:\/\/lasobanuca.com\/#organization","name":"La Sobanuca - Marcha de monta\u00f1a en el Valle de Soba","url":"https:\/\/lasobanuca.com\/","sameAs":["https:\/\/www.instagram.com\/la.sobanuca\/","https:\/\/es-es.facebook.com\/sobanuca\/"],"logo":{"@type":"ImageObject","inLanguage":"es","@id":"https:\/\/lasobanuca.com\/#\/schema\/logo\/image\/","url":"https:\/\/lasobanuca.com\/wp-content\/uploads\/2022\/09\/cropped-cropped-vaca-sobanuca150x150.png","contentUrl":"https:\/\/lasobanuca.com\/wp-content\/uploads\/2022\/09\/cropped-cropped-vaca-sobanuca150x150.png","width":148,"height":148,"caption":"La Sobanuca - Marcha de monta\u00f1a en el Valle de Soba"},"image":{"@id":"https:\/\/lasobanuca.com\/#\/schema\/logo\/image\/"}}]}},"_links":{"self":[{"href":"https:\/\/lasobanuca.com\/index.php\/wp-json\/wp\/v2\/pages\/18"}],"collection":[{"href":"https:\/\/lasobanuca.com\/index.php\/wp-json\/wp\/v2\/pages"}],"about":[{"href":"https:\/\/lasobanuca.com\/index.php\/wp-json\/wp\/v2\/types\/page"}],"author":[{"embeddable":true,"href":"https:\/\/lasobanuca.com\/index.php\/wp-json\/wp\/v2\/users\/1"}],"replies":[{"embeddable":true,"href":"https:\/\/lasobanuca.com\/index.php\/wp-json\/wp\/v2\/comments?post=18"}],"version-history":[{"count":10,"href":"https:\/\/lasobanuca.com\/index.php\/wp-json\/wp\/v2\/pages\/18\/revisions"}],"predecessor-version":[{"id":456,"href":"https:\/\/lasobanuca.com\/index.php\/wp-json\/wp\/v2\/pages\/18\/revisions\/456"}],"wp:attachment":[{"href":"https:\/\/lasobanuca.com\/index.php\/wp-json\/wp\/v2\/media?parent=18"}],"curies":[{"name":"wp","href":"https:\/\/api.w.org\/{rel}","templated":true}]}}